{"id":171,"date":"2014-04-01T09:57:48","date_gmt":"2014-04-01T09:57:48","guid":{"rendered":"http:\/\/ww2.zurpost-stockerau.at\/?page_id=171"},"modified":"2025-06-19T12:16:28","modified_gmt":"2025-06-19T10:16:28","slug":"home","status":"publish","type":"page","link":"https:\/\/www.gasthaus-ehn.at\/","title":{"rendered":"Home"},"content":{"rendered":"<div class=\"art-content-layout-wrapper layout-item-0\">\n<div class=\"art-content-layout\">\n<div class=\"art-content-layout-row\">\n<div class=\"art-layout-cell layout-item-1\" style=\"width: 57%;\">\n<p><img loading=\"lazy\" decoding=\"async\" class=\"alignnone size-full wp-image-849\" src=\"https:\/\/www.gasthaus-ehn.at\/wp-content\/uploads\/2018\/11\/shutterstock_228189643-2.jpg\" alt=\"\" width=\"297\" height=\"195\" \/><\/p>\n<p><strong>Sehr geehrte Damen und Herren,<\/strong><br \/><strong>Liebe G\u00e4ste unseres Hauses.<\/strong><\/p>\n<p>Unser l\u00e4ndlich und ruhig gelegenes Gasthaus wird als Familienbetrieb gef\u00fchrt. Lassen Sie den Alltag hinter sich, gerne verw\u00f6hnen wir Sie mit bodenst\u00e4ndiger Hausmannskost, saisonallen Gerichten sowie hausgemachten Mehlspeisen.<br \/>Unsere Gaststube bietet Platz f\u00fcr ca. 55 Personen, der gem\u00fctliche Gastgarten, welcher im Innenhof liegt, l\u00e4dt zum verweilen ein und\u00a0 in unserem Veranstaltungssaal haben wir Platz f\u00fcr 65 Personen. Dieser eignet sich ideal f\u00fcr Geburtstags-, Firmen- und Weihnachtsfeiern.<br \/>Fragen Sie einfach nach Ihrem Wunschtermin, zu dem wir die \u00d6ffnungszeiten auch gerne an Ihre Bed\u00fcrfnisse anpassen!<br \/>Wir sehen uns im Lokal \ud83d\ude09<br \/>Sylvia und Ihr Team!<\/p>\n<\/div>\n<h4><strong>Aktuelle NEWS:\u00a0<\/strong><\/h4>\n<h4>Wie Men\u00fcplan, \u00d6ffnungszeiten,&#8230;&#8230;erhalten sie auf unserem <strong>Whats app Kanal &#8222;Gasthaus Ehn&#8220; <\/strong>oder auf<strong> Facebook, Instagram und der &#8222;Cities app&#8220;. Gerne f\u00fcge ich sie auch zu unserer Whats app Gruppe hinzu.<\/strong><\/h4>\n<\/div>\n<\/div>\n<\/div>\n<div class=\"art-content-layout-wrapper layout-item-0\">\n<div class=\"art-content-layout\">\n<div class=\"art-content-layout-row\">\n<p style=\"text-align: center;\">\u00a0<\/p>\n<\/div>\n<\/div>\n<\/div>\n<div class=\"art-content-layout-wrapper layout-item-0\">\n<div class=\"art-content-layout\">\n<p><strong>Unsere \u00d6ffnungszeiten!\u00a0<\/strong><\/p>\n<p>\u00c4nderungen vorbehalten!<\/p>\n<table class=\"noborder\" border=\"0\" width=\"250\" cellspacing=\"0\" cellpadding=\"0\">\n<tbody>\n<tr>\n<td>Montag<\/td>\n<td>Ruhetag<\/td>\n<\/tr>\n<tr>\n<td>Dienstag, Mittwoch<\/td>\n<td>10:30 \u2013 14:00<\/td>\n<\/tr>\n<tr>\n<td>Donnerstag<\/td>\n<td>10:30 &#8211; 14:00+ 18:30-21:00<\/td>\n<\/tr>\n<tr>\n<td>\n<p>Freitag,Samstag<\/p>\n<\/td>\n<td>\n<p>10:30-14:00<\/p>\n<\/td>\n<\/tr>\n<tr>\n<td>Sonntag und Feiertag<\/td>\n<td>10:00 &#8211; 14:00<\/td>\n<\/tr>\n<\/tbody>\n<\/table>\n<\/div>\n<div class=\"art-content-layout\">\n<p>Auf Anfrage passen wir unsere \u00d6ffnungszeiten f\u00fcr Sie an.<\/p>\n<p><strong>WEIN DES MONATS<\/strong>:<\/p>\n<p>Gr\u00fcner Veltliner &#8222;Swing&#8220; Weingut Ehn<\/p>\n<div class=\"art-content-layout-wrapper layout-item-0\">\n<div class=\"art-content-layout\">\n<div class=\"art-content-layout-row\">\n<div class=\"art-layout-cell layout-item-4\" style=\"width: 43%;\">\u00a0<\/div>\n<\/div>\n<\/div>\n<\/div>\n<\/div>\n<\/div>\n\n\n<p><\/p>\n","protected":false},"excerpt":{"rendered":"<p>Sehr geehrte Damen und Herren,Liebe G\u00e4ste unseres Hauses. Unser l\u00e4ndlich und ruhig gelegenes Gasthaus wird als Familienbetrieb gef\u00fchrt. Lassen Sie den Alltag hinter sich, gerne verw\u00f6hnen wir Sie mit bodenst\u00e4ndiger Hausmannskost, saisonallen Gerichten sowie hausgemachten Mehlspeisen.Unsere Gaststube bietet Platz f\u00fcr ca. 55 Personen, der gem\u00fctliche Gastgarten, welcher im Innenhof liegt, l\u00e4dt zum verweilen ein und\u00a0 [&hellip;]<\/p>\n","protected":false},"author":1,"featured_media":0,"parent":0,"menu_order":1,"comment_status":"closed","ping_status":"open","template":"","meta":{"ngg_post_thumbnail":0,"footnotes":""},"class_list":["post-171","page","type-page","status-publish","hentry"],"_links":{"self":[{"href":"https:\/\/www.gasthaus-ehn.at\/index.php\/wp-json\/wp\/v2\/pages\/171","targetHints":{"allow":["GET"]}}],"collection":[{"href":"https:\/\/www.gasthaus-ehn.at\/index.php\/wp-json\/wp\/v2\/pages"}],"about":[{"href":"https:\/\/www.gasthaus-ehn.at\/index.php\/wp-json\/wp\/v2\/types\/page"}],"author":[{"embeddable":true,"href":"https:\/\/www.gasthaus-ehn.at\/index.php\/wp-json\/wp\/v2\/users\/1"}],"replies":[{"embeddable":true,"href":"https:\/\/www.gasthaus-ehn.at\/index.php\/wp-json\/wp\/v2\/comments?post=171"}],"version-history":[{"count":204,"href":"https:\/\/www.gasthaus-ehn.at\/index.php\/wp-json\/wp\/v2\/pages\/171\/revisions"}],"predecessor-version":[{"id":1647,"href":"https:\/\/www.gasthaus-ehn.at\/index.php\/wp-json\/wp\/v2\/pages\/171\/revisions\/1647"}],"wp:attachment":[{"href":"https:\/\/www.gasthaus-ehn.at\/index.php\/wp-json\/wp\/v2\/media?parent=171"}],"curies":[{"name":"wp","href":"https:\/\/api.w.org\/{rel}","templated":true}]}}